CRAN Package Check Results for Package fmdates

Last updated on 2023-06-05 05:54:35 CEST.

Flavor Version Tinstall Tcheck Ttotal Status Flags
r-devel-linux-x86_64-debian-clang 0.1.4 6.13 58.96 65.09 NOTE
r-devel-linux-x86_64-debian-gcc 0.1.4 5.35 44.66 50.01 NOTE
r-devel-linux-x86_64-fedora-clang 0.1.4 79.88 NOTE
r-devel-linux-x86_64-fedora-gcc 0.1.4 87.78 NOTE
r-devel-windows-x86_64 0.1.4 6.00 65.00 71.00 NOTE
r-patched-linux-x86_64 0.1.4 9.30 55.16 64.46 NOTE
r-release-linux-x86_64 0.1.4 5.87 54.35 60.22 NOTE
r-release-macos-arm64 0.1.4 31.00 NOTE
r-release-macos-x86_64 0.1.4 49.00 NOTE
r-release-windows-x86_64 0.1.4 8.00 74.00 82.00 NOTE
r-oldrel-macos-arm64 0.1.4 27.00 NOTE
r-oldrel-macos-x86_64 0.1.4 37.00 NOTE
r-oldrel-windows-x86_64 0.1.4 7.00 71.00 78.00 NOTE

Check Details

Version: 0.1.4
Check: LazyData
Result: NOTE
     'LazyData' is specified without a 'data' directory
Flavors: r-devel-linux-x86_64-debian-clang, r-devel-linux-x86_64-debian-gcc, r-devel-linux-x86_64-fedora-clang, r-devel-linux-x86_64-fedora-gcc, r-devel-windows-x86_64, r-patched-linux-x86_64, r-release-linux-x86_64, r-release-macos-arm64, r-release-macos-x86_64, r-release-windows-x86_64, r-oldrel-macos-arm64, r-oldrel-macos-x86_64, r-oldrel-windows-x86_64