CRAN Package Check Results for Package flying

Last updated on 2023-06-04 05:50:42 CEST.

Flavor Version Tinstall Tcheck Ttotal Status Flags
r-devel-linux-x86_64-debian-clang 0.1.3 28.90 63.76 92.66 OK
r-devel-linux-x86_64-debian-gcc 0.1.3 19.49 47.95 67.44 OK
r-devel-linux-x86_64-fedora-clang 0.1.3 128.42 NOTE
r-devel-linux-x86_64-fedora-gcc 0.1.3 128.32 NOTE
r-devel-windows-x86_64 0.1.3 26.00 80.00 106.00 OK
r-patched-linux-x86_64 0.1.3 21.60 60.40 82.00 OK
r-release-linux-x86_64 0.1.3 21.05 61.64 82.69 OK
r-release-macos-arm64 0.1.3 42.00 OK
r-release-macos-x86_64 0.1.3 68.00 OK
r-release-windows-x86_64 0.1.3 33.00 96.00 129.00 OK
r-oldrel-macos-arm64 0.1.3 33.00 NOTE
r-oldrel-macos-x86_64 0.1.3 63.00 NOTE
r-oldrel-windows-x86_64 0.1.3 29.00 96.00 125.00 OK

Check Details

Version: 0.1.3
Check: dependencies in R code
Result: NOTE
    Namespaces in Imports field not imported from:
     ‘kableExtra’ ‘knitr’ ‘rmarkdown’
     All declared Imports should be used.
Flavors: r-devel-linux-x86_64-fedora-clang, r-devel-linux-x86_64-fedora-gcc, r-oldrel-macos-arm64, r-oldrel-macos-x86_64