Last updated on 2023-06-08 05:58:08 CEST.
Flavor | Version | Tinstall | Tcheck | Ttotal | Status | Flags |
---|---|---|---|---|---|---|
r-devel-linux-x86_64-debian-clang | 0.1.2 | 6.92 | 40.91 | 47.83 | OK | |
r-devel-linux-x86_64-debian-gcc | 0.1.2 | 5.07 | 32.65 | 37.72 | OK | |
r-devel-linux-x86_64-fedora-clang | 0.1.2 | 59.50 | NOTE | |||
r-devel-linux-x86_64-fedora-gcc | 0.1.2 | 57.09 | NOTE | |||
r-devel-windows-x86_64 | 0.1.2 | 8.00 | 53.00 | 61.00 | OK | |
r-patched-linux-x86_64 | 0.1.2 | 6.79 | 39.73 | 46.52 | OK | |
r-release-linux-x86_64 | 0.1.2 | 4.44 | 40.11 | 44.55 | OK | |
r-release-macos-arm64 | 0.1.2 | 26.00 | OK | |||
r-release-macos-x86_64 | 0.1.2 | 34.00 | OK | |||
r-release-windows-x86_64 | 0.1.2 | 10.00 | 57.00 | 67.00 | OK | |
r-oldrel-macos-arm64 | 0.1.2 | 23.00 | NOTE | |||
r-oldrel-macos-x86_64 | 0.1.2 | 49.00 | NOTE | |||
r-oldrel-windows-x86_64 | 0.1.2 | 10.00 | 62.00 | 72.00 | OK |
Version: 0.1.2
Check: dependencies in R code
Result: NOTE
Namespaces in Imports field not imported from:
‘rclipboard’ ‘shinyBS’ ‘shinyWidgets’ ‘shinyjs’
All declared Imports should be used.
Flavors: r-devel-linux-x86_64-fedora-clang, r-devel-linux-x86_64-fedora-gcc, r-oldrel-macos-arm64, r-oldrel-macos-x86_64