Last updated on 2023-06-09 05:54:58 CEST.
Flavor | Version | Tinstall | Tcheck | Ttotal | Status | Flags |
---|---|---|---|---|---|---|
r-devel-linux-x86_64-debian-clang | 1.0.0 | 12.18 | 218.70 | 230.88 | OK | |
r-devel-linux-x86_64-debian-gcc | 1.0.0 | 9.58 | 165.41 | 174.99 | OK | |
r-devel-linux-x86_64-fedora-clang | 1.0.0 | 286.62 | NOTE | |||
r-devel-linux-x86_64-fedora-gcc | 1.0.0 | 287.16 | NOTE | |||
r-devel-windows-x86_64 | 1.0.0 | 13.00 | 280.00 | 293.00 | OK | |
r-patched-linux-x86_64 | 1.0.0 | 14.08 | 206.50 | 220.58 | OK | |
r-release-linux-x86_64 | 1.0.0 | 11.36 | 207.60 | 218.96 | OK | |
r-release-macos-arm64 | 1.0.0 | 103.00 | OK | |||
r-release-macos-x86_64 | 1.0.0 | 152.00 | OK | |||
r-release-windows-x86_64 | 1.0.0 | 15.00 | 291.00 | 306.00 | OK | |
r-oldrel-macos-arm64 | 1.0.0 | 83.00 | NOTE | |||
r-oldrel-macos-x86_64 | 1.0.0 | 139.00 | NOTE | |||
r-oldrel-windows-x86_64 | 1.0.0 | 16.00 | 289.00 | 305.00 | OK |
Version: 1.0.0
Check: dependencies in R code
Result: NOTE
Namespace in Imports field not imported from: ‘numDeriv’
All declared Imports should be used.
Flavors: r-devel-linux-x86_64-fedora-clang, r-devel-linux-x86_64-fedora-gcc, r-oldrel-macos-arm64, r-oldrel-macos-x86_64