Last updated on 2023-06-03 05:52:29 CEST.
Flavor | Version | Tinstall | Tcheck | Ttotal | Status | Flags |
---|---|---|---|---|---|---|
r-devel-linux-x86_64-debian-clang | 1.1.14 | 6.53 | 114.43 | 120.96 | NOTE | |
r-devel-linux-x86_64-debian-gcc | 1.1.14 | 5.81 | 85.00 | 90.81 | NOTE | |
r-devel-linux-x86_64-fedora-clang | 1.1.14 | 148.59 | NOTE | |||
r-devel-linux-x86_64-fedora-gcc | 1.1.14 | 139.54 | NOTE | |||
r-devel-windows-x86_64 | 1.1.14 | 7.00 | 105.00 | 112.00 | NOTE | |
r-patched-linux-x86_64 | 1.1.14 | NOTE | ||||
r-release-linux-x86_64 | 1.1.14 | 4.53 | 108.48 | 113.01 | NOTE | |
r-release-macos-arm64 | 1.1.14 | 44.00 | NOTE | |||
r-release-macos-x86_64 | 1.1.14 | 71.00 | NOTE | |||
r-release-windows-x86_64 | 1.1.14 | 9.00 | 123.00 | 132.00 | NOTE | |
r-oldrel-macos-arm64 | 1.1.14 | 43.00 | NOTE | |||
r-oldrel-macos-x86_64 | 1.1.14 | 87.00 | NOTE | |||
r-oldrel-windows-x86_64 | 1.1.14 | 10.00 | 131.00 | 141.00 | NOTE |
Version: 1.1.14
Check: LazyData
Result: NOTE
'LazyData' is specified without a 'data' directory
Flavors: r-devel-linux-x86_64-debian-clang, r-devel-linux-x86_64-debian-gcc, r-devel-linux-x86_64-fedora-clang, r-devel-linux-x86_64-fedora-gcc, r-devel-windows-x86_64, r-patched-linux-x86_64, r-release-linux-x86_64, r-release-macos-arm64, r-release-macos-x86_64, r-release-windows-x86_64, r-oldrel-macos-arm64, r-oldrel-macos-x86_64, r-oldrel-windows-x86_64