CRAN Package Check Results for Package featurefinder

Last updated on 2023-05-28 05:52:07 CEST.

Flavor Version Tinstall Tcheck Ttotal Status Flags
r-devel-linux-x86_64-debian-clang 1.1 2.89 31.64 34.53 NOTE
r-devel-linux-x86_64-debian-gcc 1.1 2.57 24.31 26.88 NOTE
r-devel-linux-x86_64-fedora-clang 1.1 44.07 NOTE
r-devel-linux-x86_64-fedora-gcc 1.1 59.29 NOTE
r-devel-windows-x86_64 1.1 5.00 52.00 57.00 OK
r-patched-linux-x86_64 1.1 3.84 30.17 34.01 NOTE
r-release-linux-x86_64 1.1 3.29 30.00 33.29 NOTE
r-release-macos-arm64 1.1 26.00 OK
r-release-macos-x86_64 1.1 38.00 OK
r-release-windows-x86_64 1.1 5.00 54.00 59.00 OK
r-oldrel-macos-arm64 1.1 21.00 OK
r-oldrel-macos-x86_64 1.1 28.00 OK
r-oldrel-windows-x86_64 1.1 5.00 53.00 58.00 OK

Check Details

Version: 1.1
Check: for non-standard things in the check directory
Result: NOTE
    Found the following files/directories:
     ‘treesAll.txt’
Flavors: r-devel-linux-x86_64-debian-clang, r-devel-linux-x86_64-debian-gcc, r-devel-linux-x86_64-fedora-clang, r-devel-linux-x86_64-fedora-gcc, r-patched-linux-x86_64, r-release-linux-x86_64