Last updated on 2023-06-09 05:54:58 CEST.
Flavor | Version | Tinstall | Tcheck | Ttotal | Status | Flags |
---|---|---|---|---|---|---|
r-devel-linux-x86_64-debian-clang | 0.3.1 | 10.33 | 163.90 | 174.23 | OK | |
r-devel-linux-x86_64-debian-gcc | 0.3.1 | 9.09 | 120.56 | 129.65 | OK | |
r-devel-linux-x86_64-fedora-clang | 0.3.1 | 215.08 | OK | |||
r-devel-linux-x86_64-fedora-gcc | 0.3.1 | 218.26 | OK | |||
r-devel-windows-x86_64 | 0.3.1 | 12.00 | 138.00 | 150.00 | OK | |
r-patched-linux-x86_64 | 0.3.1 | 12.32 | 155.76 | 168.08 | OK | |
r-release-linux-x86_64 | 0.3.1 | 11.15 | 157.28 | 168.43 | OK | |
r-release-macos-arm64 | 0.3.1 | 63.00 | OK | |||
r-release-macos-x86_64 | 0.3.1 | 102.00 | NOTE | |||
r-release-windows-x86_64 | 0.3.1 | 16.00 | 166.00 | 182.00 | OK | |
r-oldrel-macos-arm64 | 0.3.1 | 51.00 | OK | |||
r-oldrel-macos-x86_64 | 0.3.1 | 79.00 | OK | |||
r-oldrel-windows-x86_64 | 0.3.1 | 15.00 | 171.00 | 186.00 | OK |
Version: 0.3.1
Check: package dependencies
Result: NOTE
Package suggested but not available for checking: ‘fable’
Flavor: r-release-macos-x86_64