Last updated on 2023-06-08 05:58:08 CEST.
Flavor | Version | Tinstall | Tcheck | Ttotal | Status | Flags |
---|---|---|---|---|---|---|
r-devel-linux-x86_64-debian-clang | 0.6 | 113.83 | 35.62 | 149.45 | OK | |
r-devel-linux-x86_64-debian-gcc | 0.6 | 85.72 | 27.57 | 113.29 | OK | |
r-devel-linux-x86_64-fedora-clang | 0.6 | 210.29 | OK | |||
r-devel-linux-x86_64-fedora-gcc | 0.6 | 223.12 | OK | |||
r-devel-windows-x86_64 | 0.6 | 80.00 | 77.00 | 157.00 | OK | |
r-patched-linux-x86_64 | 0.6 | 100.96 | 35.11 | 136.07 | OK | |
r-release-linux-x86_64 | 0.6 | 89.45 | 34.32 | 123.77 | OK | |
r-release-macos-arm64 | 0.6 | 52.00 | NOTE | |||
r-release-macos-x86_64 | 0.6 | 88.00 | NOTE | |||
r-release-windows-x86_64 | 0.6 | 108.00 | 83.00 | 191.00 | OK | |
r-oldrel-macos-arm64 | 0.6 | 52.00 | NOTE | |||
r-oldrel-macos-x86_64 | 0.6 | 63.00 | NOTE | |||
r-oldrel-windows-x86_64 | 0.6 | 99.00 | 77.00 | 176.00 | OK |
Version: 0.6
Check: installed package size
Result: NOTE
installed size is 8.2Mb
sub-directories of 1Mb or more:
libs 8.1Mb
Flavors: r-release-macos-arm64, r-release-macos-x86_64, r-oldrel-macos-arm64, r-oldrel-macos-x86_64