CRAN Package Check Results for Package fastpseudo

Last updated on 2023-06-02 05:57:58 CEST.

Flavor Version Tinstall Tcheck Ttotal Status Flags
r-devel-linux-x86_64-debian-clang 0.1 1.70 20.75 22.45 NOTE
r-devel-linux-x86_64-debian-gcc 0.1 1.61 16.38 17.99 NOTE
r-devel-linux-x86_64-fedora-clang 0.1 29.15 NOTE
r-devel-linux-x86_64-fedora-gcc 0.1 27.18 NOTE
r-devel-windows-x86_64 0.1 4.00 38.00 42.00 NOTE
r-patched-linux-x86_64 0.1 NOTE
r-release-linux-x86_64 0.1 1.90 20.13 22.03 NOTE
r-release-macos-arm64 0.1 14.00 NOTE
r-release-macos-x86_64 0.1 19.00 NOTE
r-release-windows-x86_64 0.1 3.00 37.00 40.00 NOTE
r-oldrel-macos-arm64 0.1 14.00 NOTE
r-oldrel-macos-x86_64 0.1 20.00 NOTE
r-oldrel-windows-x86_64 0.1 3.00 40.00 43.00 NOTE

Check Details

Version: 0.1
Check: LazyData
Result: NOTE
     'LazyData' is specified without a 'data' directory
Flavors: r-devel-linux-x86_64-debian-clang, r-devel-linux-x86_64-debian-gcc, r-devel-linux-x86_64-fedora-clang, r-devel-linux-x86_64-fedora-gcc, r-devel-windows-x86_64, r-patched-linux-x86_64, r-release-linux-x86_64, r-release-macos-arm64, r-release-macos-x86_64, r-release-windows-x86_64, r-oldrel-macos-arm64, r-oldrel-macos-x86_64, r-oldrel-windows-x86_64