CRAN Package Check Results for Package fastnet

Last updated on 2023-06-10 05:52:32 CEST.

Flavor Version Tinstall Tcheck Ttotal Status Flags
r-devel-linux-x86_64-debian-clang 1.0.0 4.77 43.84 48.61 NOTE
r-devel-linux-x86_64-debian-gcc 1.0.0 3.90 34.00 37.90 NOTE
r-devel-linux-x86_64-fedora-clang 1.0.0 62.65 NOTE
r-devel-linux-x86_64-fedora-gcc 1.0.0 58.48 NOTE
r-devel-windows-x86_64 1.0.0 6.00 59.00 65.00 NOTE
r-patched-linux-x86_64 1.0.0 5.14 42.56 47.70 NOTE
r-release-linux-x86_64 1.0.0 5.63 42.56 48.19 NOTE
r-release-macos-arm64 1.0.0 24.00 NOTE
r-release-macos-x86_64 1.0.0 34.00 NOTE
r-release-windows-x86_64 1.0.0 9.00 66.00 75.00 NOTE
r-oldrel-macos-arm64 1.0.0 22.00 NOTE
r-oldrel-macos-x86_64 1.0.0 40.00 NOTE
r-oldrel-windows-x86_64 1.0.0 8.00 60.00 68.00 NOTE

Check Details

Version: 1.0.0
Check: LazyData
Result: NOTE
     'LazyData' is specified without a 'data' directory
Flavors: r-devel-linux-x86_64-debian-clang, r-devel-linux-x86_64-debian-gcc, r-devel-linux-x86_64-fedora-clang, r-devel-linux-x86_64-fedora-gcc, r-devel-windows-x86_64, r-patched-linux-x86_64, r-release-linux-x86_64, r-release-macos-arm64, r-release-macos-x86_64, r-release-windows-x86_64, r-oldrel-macos-arm64, r-oldrel-macos-x86_64, r-oldrel-windows-x86_64