CRAN Package Check Results for Package fastlogranktest

Last updated on 2023-05-29 05:55:02 CEST.

Flavor Version Tinstall Tcheck Ttotal Status Flags
r-devel-linux-x86_64-debian-clang 0.2.1 23.83 30.61 54.44 NOTE
r-devel-linux-x86_64-debian-gcc 0.2.1 20.03 24.25 44.28 NOTE
r-devel-linux-x86_64-fedora-clang 0.2.1 78.31 NOTE
r-devel-linux-x86_64-fedora-gcc 0.2.1 75.23 NOTE
r-devel-windows-x86_64 0.2.1 18.00 70.00 88.00 NOTE
r-patched-linux-x86_64 0.2.1 19.09 30.04 49.13 NOTE
r-release-linux-x86_64 0.2.1 20.01 29.61 49.62 NOTE
r-release-macos-arm64 0.2.1 26.00 NOTE
r-release-macos-x86_64 0.2.1 39.00 NOTE
r-release-windows-x86_64 0.2.1 21.00 71.00 92.00 NOTE
r-oldrel-macos-arm64 0.2.1 27.00 NOTE
r-oldrel-macos-x86_64 0.2.1 34.00 NOTE
r-oldrel-windows-x86_64 0.2.1 27.00 69.00 96.00 NOTE

Check Details

Version: 0.2.1
Check: C++ specification
Result: NOTE
     Specified C++11: please drop specification unless essential
Flavors: r-devel-linux-x86_64-debian-clang, r-devel-linux-x86_64-debian-gcc, r-devel-linux-x86_64-fedora-clang, r-devel-linux-x86_64-fedora-gcc, r-devel-windows-x86_64, r-patched-linux-x86_64, r-release-linux-x86_64, r-release-macos-arm64, r-release-macos-x86_64, r-release-windows-x86_64

Version: 0.2.1
Check: LazyData
Result: NOTE
     'LazyData' is specified without a 'data' directory
Flavors: r-devel-linux-x86_64-debian-clang, r-devel-linux-x86_64-debian-gcc, r-devel-linux-x86_64-fedora-clang, r-devel-linux-x86_64-fedora-gcc, r-devel-windows-x86_64, r-patched-linux-x86_64, r-release-linux-x86_64, r-release-macos-arm64, r-release-macos-x86_64, r-release-windows-x86_64, r-oldrel-macos-arm64, r-oldrel-macos-x86_64, r-oldrel-windows-x86_64