Last updated on 2023-05-31 05:56:08 CEST.
Flavor | Version | Tinstall | Tcheck | Ttotal | Status | Flags |
---|---|---|---|---|---|---|
r-devel-linux-x86_64-debian-clang | 2.2.1 | 25.92 | 267.57 | 293.49 | OK | |
r-devel-linux-x86_64-debian-gcc | 2.2.1 | 19.91 | 205.69 | 225.60 | OK | |
r-devel-linux-x86_64-fedora-clang | 2.2.1 | 385.00 | NOTE | |||
r-devel-linux-x86_64-fedora-gcc | 2.2.1 | 379.17 | OK | |||
r-devel-windows-x86_64 | 2.2.1 | 44.00 | 475.00 | 519.00 | NOTE | |
r-patched-linux-x86_64 | 2.2.1 | 33.39 | 263.47 | 296.86 | OK | |
r-release-linux-x86_64 | 2.2.1 | 19.76 | 262.10 | 281.86 | OK | |
r-release-macos-arm64 | 2.2.1 | 145.00 | NOTE | |||
r-release-macos-x86_64 | 2.2.1 | 201.00 | NOTE | |||
r-release-windows-x86_64 | 2.2.1 | 46.00 | 490.00 | 536.00 | NOTE | |
r-oldrel-macos-arm64 | 2.2.1 | 73.00 | NOTE | |||
r-oldrel-macos-x86_64 | 2.2.1 | 140.00 | NOTE | |||
r-oldrel-windows-x86_64 | 2.2.1 | 45.00 | 331.00 | 376.00 | NOTE |
Version: 2.2.1
Check: installed package size
Result: NOTE
installed size is 5.1Mb
sub-directories of 1Mb or more:
doc 3.0Mb
help 1.2Mb
Flavors: r-devel-linux-x86_64-fedora-clang, r-devel-windows-x86_64, r-release-macos-arm64, r-release-macos-x86_64, r-release-windows-x86_64, r-oldrel-macos-arm64, r-oldrel-macos-x86_64, r-oldrel-windows-x86_64
Version: 2.2.1
Check: whether the namespace can be loaded with stated dependencies
Result: NOTE
Warning in py_initialize(config$python, config$libpython, config$pythonhome, :
Python 2 reached EOL on January 1, 2020. Python 2 compatability be removed in an upcoming reticulate release.
A namespace must be able to be loaded with just the base namespace
loaded: otherwise if the namespace gets loaded by a saved object, the
session will be unable to start.
Probably some imports need to be declared in the NAMESPACE file.
Flavors: r-release-macos-arm64, r-oldrel-macos-arm64, r-oldrel-macos-x86_64