CRAN Package Check Results for Package fastadi

Last updated on 2023-05-28 05:52:07 CEST.

Flavor Version Tinstall Tcheck Ttotal Status Flags
r-devel-linux-x86_64-debian-clang 0.1.1 118.01 189.15 307.16 NOTE
r-devel-linux-x86_64-debian-gcc 0.1.1 84.34 138.72 223.06 NOTE
r-devel-linux-x86_64-fedora-clang 0.1.1 399.06 NOTE
r-devel-linux-x86_64-fedora-gcc 0.1.1 372.98 NOTE
r-devel-windows-x86_64 0.1.1 87.00 154.00 241.00 NOTE
r-patched-linux-x86_64 0.1.1 90.64 166.80 257.44 NOTE
r-release-linux-x86_64 0.1.1 86.64 170.85 257.49 NOTE
r-release-macos-arm64 0.1.1 116.00 NOTE
r-release-macos-x86_64 0.1.1 183.00 NOTE
r-release-windows-x86_64 0.1.1 112.00 188.00 300.00 NOTE
r-oldrel-macos-arm64 0.1.1 94.00 OK
r-oldrel-macos-x86_64 0.1.1 131.00 OK
r-oldrel-windows-x86_64 0.1.1 112.00 194.00 306.00 OK

Check Details

Version: 0.1.1
Check: C++ specification
Result: NOTE
     Specified C++11: please drop specification unless essential
Flavors: r-devel-linux-x86_64-debian-clang, r-devel-linux-x86_64-debian-gcc, r-devel-linux-x86_64-fedora-clang, r-devel-linux-x86_64-fedora-gcc, r-devel-windows-x86_64, r-patched-linux-x86_64, r-release-linux-x86_64, r-release-macos-arm64, r-release-macos-x86_64, r-release-windows-x86_64