Last updated on 2023-06-07 05:58:19 CEST.
Flavor | Version | Tinstall | Tcheck | Ttotal | Status | Flags |
---|---|---|---|---|---|---|
r-devel-linux-x86_64-debian-clang | 1.0.3 | 65.34 | 79.12 | 144.46 | NOTE | |
r-devel-linux-x86_64-debian-gcc | 1.0.3 | 52.04 | 60.15 | 112.19 | NOTE | |
r-devel-linux-x86_64-fedora-clang | 1.0.3 | 217.60 | NOTE | |||
r-devel-linux-x86_64-fedora-gcc | 1.0.3 | 207.66 | NOTE | |||
r-devel-windows-x86_64 | 1.0.3 | 57.00 | 136.00 | 193.00 | NOTE | |
r-patched-linux-x86_64 | 1.0.3 | 53.22 | 74.67 | 127.89 | NOTE | |
r-release-linux-x86_64 | 1.0.3 | 58.03 | 74.41 | 132.44 | NOTE | |
r-release-macos-arm64 | 1.0.3 | 63.00 | NOTE | |||
r-release-macos-x86_64 | 1.0.3 | 106.00 | NOTE | |||
r-release-windows-x86_64 | 1.0.3 | 69.00 | 155.00 | 224.00 | NOTE | |
r-oldrel-macos-arm64 | 1.0.3 | 59.00 | NOTE | |||
r-oldrel-macos-x86_64 | 1.0.3 | 87.00 | NOTE | |||
r-oldrel-windows-x86_64 | 1.0.3 | 67.00 | 146.00 | 213.00 | OK |
Version: 1.0.3
Check: C++ specification
Result: NOTE
Specified C++11: please drop specification unless essential
Flavors: r-devel-linux-x86_64-debian-clang, r-devel-linux-x86_64-debian-gcc, r-devel-linux-x86_64-fedora-clang, r-devel-linux-x86_64-fedora-gcc, r-devel-windows-x86_64, r-patched-linux-x86_64, r-release-linux-x86_64, r-release-macos-arm64, r-release-macos-x86_64, r-release-windows-x86_64
Version: 1.0.3
Check: installed package size
Result: NOTE
installed size is 6.7Mb
sub-directories of 1Mb or more:
doc 1.7Mb
libs 4.0Mb
Flavors: r-release-macos-arm64, r-release-macos-x86_64, r-oldrel-macos-arm64, r-oldrel-macos-x86_64