Last updated on 2023-05-28 05:52:07 CEST.
Flavor | Version | Tinstall | Tcheck | Ttotal | Status | Flags |
---|---|---|---|---|---|---|
r-devel-linux-x86_64-debian-clang | 1.0.2 | 44.69 | 55.73 | 100.42 | NOTE | |
r-devel-linux-x86_64-debian-gcc | 1.0.2 | 36.84 | 41.59 | 78.43 | NOTE | |
r-devel-linux-x86_64-fedora-clang | 1.0.2 | 152.96 | NOTE | |||
r-devel-linux-x86_64-fedora-gcc | 1.0.2 | 151.32 | NOTE | |||
r-devel-windows-x86_64 | 1.0.2 | 39.00 | 98.00 | 137.00 | NOTE | |
r-patched-linux-x86_64 | 1.0.2 | 42.36 | 53.26 | 95.62 | NOTE | |
r-release-linux-x86_64 | 1.0.2 | 38.31 | 53.63 | 91.94 | NOTE | |
r-release-macos-arm64 | 1.0.2 | 51.00 | NOTE | |||
r-release-macos-x86_64 | 1.0.2 | 79.00 | NOTE | |||
r-release-windows-x86_64 | 1.0.2 | 46.00 | 103.00 | 149.00 | NOTE | |
r-oldrel-macos-arm64 | 1.0.2 | 44.00 | NOTE | |||
r-oldrel-macos-x86_64 | 1.0.2 | 56.00 | NOTE | |||
r-oldrel-windows-x86_64 | 1.0.2 | 46.00 | 99.00 | 145.00 | NOTE |
Version: 1.0.2
Check: C++ specification
Result: NOTE
Specified C++11: please drop specification unless essential
Flavors: r-devel-linux-x86_64-debian-clang, r-devel-linux-x86_64-debian-gcc, r-devel-linux-x86_64-fedora-clang, r-devel-linux-x86_64-fedora-gcc, r-devel-windows-x86_64, r-patched-linux-x86_64, r-release-linux-x86_64, r-release-macos-arm64, r-release-macos-x86_64, r-release-windows-x86_64
Version: 1.0.2
Check: installed package size
Result: NOTE
installed size is 5.6Mb
sub-directories of 1Mb or more:
images 3.1Mb
libs 1.3Mb
Flavors: r-devel-windows-x86_64, r-release-macos-arm64, r-release-macos-x86_64, r-release-windows-x86_64, r-oldrel-macos-arm64, r-oldrel-macos-x86_64, r-oldrel-windows-x86_64