CRAN Package Check Results for Package farrell

Last updated on 2023-06-07 05:58:19 CEST.

Flavor Version Tinstall Tcheck Ttotal Status Flags
r-devel-linux-x86_64-debian-clang 0.2.1 2.51 26.17 28.68 NOTE
r-devel-linux-x86_64-debian-gcc 0.2.1 2.10 20.07 22.17 NOTE
r-devel-linux-x86_64-fedora-clang 0.2.1 36.20 NOTE
r-devel-linux-x86_64-fedora-gcc 0.2.1 45.24 NOTE
r-devel-windows-x86_64 0.2.1 3.00 43.00 46.00 NOTE
r-patched-linux-x86_64 0.2.1 2.60 24.43 27.03 NOTE
r-release-linux-x86_64 0.2.1 2.36 24.44 26.80 NOTE
r-release-macos-arm64 0.2.1 24.00 NOTE
r-release-macos-x86_64 0.2.1 29.00 NOTE
r-release-windows-x86_64 0.2.1 5.00 42.00 47.00 NOTE
r-oldrel-macos-arm64 0.2.1 17.00 NOTE
r-oldrel-macos-x86_64 0.2.1 29.00 NOTE
r-oldrel-windows-x86_64 0.2.1 5.00 46.00 51.00 NOTE

Check Details

Version: 0.2.1
Check: LazyData
Result: NOTE
     'LazyData' is specified without a 'data' directory
Flavors: r-devel-linux-x86_64-debian-clang, r-devel-linux-x86_64-debian-gcc, r-devel-linux-x86_64-fedora-clang, r-devel-linux-x86_64-fedora-gcc, r-devel-windows-x86_64, r-patched-linux-x86_64, r-release-linux-x86_64, r-release-macos-arm64, r-release-macos-x86_64, r-release-windows-x86_64, r-oldrel-macos-arm64, r-oldrel-macos-x86_64, r-oldrel-windows-x86_64

Version: 0.2.1
Check: dependencies in R code
Result: NOTE
    Namespace in Imports field not imported from: ‘rlang’
     All declared Imports should be used.
Flavors: r-devel-linux-x86_64-fedora-clang, r-devel-linux-x86_64-fedora-gcc, r-oldrel-macos-arm64, r-oldrel-macos-x86_64