CRAN Package Check Results for Package facerec

Last updated on 2023-06-05 05:54:34 CEST.

Flavor Version Tinstall Tcheck Ttotal Status Flags
r-devel-linux-x86_64-debian-clang 0.1.0 6.20 45.95 52.15 NOTE
r-devel-linux-x86_64-debian-gcc 0.1.0 4.14 35.00 39.14 NOTE
r-devel-linux-x86_64-fedora-clang 0.1.0 64.45 NOTE
r-devel-linux-x86_64-fedora-gcc 0.1.0 71.59 NOTE
r-devel-windows-x86_64 0.1.0 7.00 58.00 65.00 NOTE
r-patched-linux-x86_64 0.1.0 4.59 43.06 47.65 NOTE
r-release-linux-x86_64 0.1.0 4.02 43.32 47.34 NOTE
r-release-macos-arm64 0.1.0 30.00 NOTE
r-release-macos-x86_64 0.1.0 43.00 NOTE
r-release-windows-x86_64 0.1.0 7.00 63.00 70.00 NOTE
r-oldrel-macos-arm64 0.1.0 25.00 NOTE
r-oldrel-macos-x86_64 0.1.0 49.00 NOTE
r-oldrel-windows-x86_64 0.1.0 8.00 64.00 72.00 NOTE

Additional issues

donttest

Check Details

Version: 0.1.0
Check: LazyData
Result: NOTE
     'LazyData' is specified without a 'data' directory
Flavors: r-devel-linux-x86_64-debian-clang, r-devel-linux-x86_64-debian-gcc, r-devel-linux-x86_64-fedora-clang, r-devel-linux-x86_64-fedora-gcc, r-devel-windows-x86_64, r-patched-linux-x86_64, r-release-linux-x86_64, r-release-macos-arm64, r-release-macos-x86_64, r-release-windows-x86_64, r-oldrel-macos-arm64, r-oldrel-macos-x86_64, r-oldrel-windows-x86_64