Last updated on 2023-06-05 05:54:34 CEST.
Flavor | Version | Tinstall | Tcheck | Ttotal | Status | Flags |
---|---|---|---|---|---|---|
r-devel-linux-x86_64-debian-clang | 0.1.0 | 4.70 | 47.67 | 52.37 | OK | |
r-devel-linux-x86_64-debian-gcc | 0.1.0 | 5.25 | 35.97 | 41.22 | OK | |
r-devel-linux-x86_64-fedora-clang | 0.1.0 | 67.67 | NOTE | |||
r-devel-linux-x86_64-fedora-gcc | 0.1.0 | 63.43 | NOTE | |||
r-devel-windows-x86_64 | 0.1.0 | 9.00 | 62.00 | 71.00 | OK | |
r-patched-linux-x86_64 | 0.1.0 | 5.67 | 45.55 | 51.22 | OK | |
r-release-linux-x86_64 | 0.1.0 | 4.48 | 45.57 | 50.05 | OK | |
r-release-macos-arm64 | 0.1.0 | 25.00 | OK | |||
r-release-macos-x86_64 | 0.1.0 | 38.00 | OK | |||
r-release-windows-x86_64 | 0.1.0 | 10.00 | 68.00 | 78.00 | OK | |
r-oldrel-macos-arm64 | 0.1.0 | 24.00 | NOTE | |||
r-oldrel-macos-x86_64 | 0.1.0 | 38.00 | NOTE | |||
r-oldrel-windows-x86_64 | 0.1.0 | 9.00 | 67.00 | 76.00 | OK |
Version: 0.1.0
Check: dependencies in R code
Result: NOTE
Namespace in Imports field not imported from: ‘tidyverse’
All declared Imports should be used.
Flavors: r-devel-linux-x86_64-fedora-clang, r-devel-linux-x86_64-fedora-gcc, r-oldrel-macos-arm64, r-oldrel-macos-x86_64