Last updated on 2023-06-10 05:52:31 CEST.
Flavor | Version | Tinstall | Tcheck | Ttotal | Status | Flags |
---|---|---|---|---|---|---|
r-devel-linux-x86_64-debian-clang | 0.8.10 | 17.61 | 219.02 | 236.63 | NOTE | |
r-devel-linux-x86_64-debian-gcc | 0.8.10 | 13.03 | 161.60 | 174.63 | NOTE | |
r-devel-linux-x86_64-fedora-clang | 0.8.10 | 306.20 | NOTE | |||
r-devel-linux-x86_64-fedora-gcc | 0.8.10 | 288.40 | NOTE | |||
r-devel-windows-x86_64 | 0.8.10 | 21.00 | 181.00 | 202.00 | NOTE | |
r-patched-linux-x86_64 | 0.8.10 | 16.41 | 202.21 | 218.62 | NOTE | |
r-release-linux-x86_64 | 0.8.10 | 16.41 | 204.90 | 221.31 | NOTE | |
r-release-macos-arm64 | 0.8.10 | 82.00 | NOTE | |||
r-release-macos-x86_64 | 0.8.10 | 143.00 | NOTE | |||
r-release-windows-x86_64 | 0.8.10 | 20.00 | 223.00 | 243.00 | NOTE | |
r-oldrel-macos-arm64 | 0.8.10 | 80.00 | OK | |||
r-oldrel-macos-x86_64 | 0.8.10 | 132.00 | OK | |||
r-oldrel-windows-x86_64 | 0.8.10 | 21.00 | 249.00 | 270.00 | OK |
Version: 0.8.10
Check: Rd files
Result: NOTE
checkRd: (-1) Snoring.Rd:21: Escaped LaTeX specials: \&
Flavors: r-devel-linux-x86_64-debian-clang, r-devel-linux-x86_64-debian-gcc, r-devel-linux-x86_64-fedora-clang, r-devel-linux-x86_64-fedora-gcc, r-devel-windows-x86_64, r-patched-linux-x86_64, r-release-linux-x86_64, r-release-macos-arm64, r-release-macos-x86_64, r-release-windows-x86_64