Last updated on 2023-06-03 05:52:28 CEST.
Flavor | Version | Tinstall | Tcheck | Ttotal | Status | Flags |
---|---|---|---|---|---|---|
r-devel-linux-x86_64-debian-clang | 7.0.0 | 153.13 | 95.09 | 248.22 | NOTE | |
r-devel-linux-x86_64-debian-gcc | 7.0.0 | 109.69 | 71.88 | 181.57 | NOTE | |
r-devel-linux-x86_64-fedora-clang | 7.0.0 | 372.11 | NOTE | |||
r-devel-linux-x86_64-fedora-gcc | 7.0.0 | 358.67 | NOTE | |||
r-devel-windows-x86_64 | 7.0.0 | 116.00 | 118.00 | 234.00 | NOTE | |
r-patched-linux-x86_64 | 7.0.0 | NOTE | ||||
r-release-linux-x86_64 | 7.0.0 | 129.21 | 90.77 | 219.98 | NOTE | |
r-release-macos-arm64 | 7.0.0 | 100.00 | NOTE | |||
r-release-macos-x86_64 | 7.0.0 | 157.00 | NOTE | |||
r-release-windows-x86_64 | 7.0.0 | 153.00 | 135.00 | 288.00 | NOTE | |
r-oldrel-macos-arm64 | 7.0.0 | 92.00 | NOTE | |||
r-oldrel-macos-x86_64 | 7.0.0 | 103.00 | NOTE | |||
r-oldrel-windows-x86_64 | 7.0.0 | 150.00 | 127.00 | 277.00 | OK |
Version: 7.0.0
Check: C++ specification
Result: NOTE
Specified C++14: please drop specification unless essential
Flavors: r-devel-linux-x86_64-debian-clang, r-devel-linux-x86_64-debian-gcc, r-devel-linux-x86_64-fedora-clang, r-devel-linux-x86_64-fedora-gcc, r-devel-windows-x86_64, r-patched-linux-x86_64, r-release-linux-x86_64, r-release-macos-arm64, r-release-macos-x86_64, r-release-windows-x86_64
Version: 7.0.0
Check: installed package size
Result: NOTE
installed size is 5.9Mb
sub-directories of 1Mb or more:
doc 1.3Mb
libs 3.8Mb
Flavors: r-release-macos-arm64, r-release-macos-x86_64, r-oldrel-macos-arm64, r-oldrel-macos-x86_64