CRAN Package Check Results for Package equate

Last updated on 2023-06-04 05:50:41 CEST.

Flavor Version Tinstall Tcheck Ttotal Status Flags
r-devel-linux-x86_64-debian-clang 2.0.8 6.72 96.25 102.97 NOTE
r-devel-linux-x86_64-debian-gcc 2.0.8 4.98 68.69 73.67 NOTE
r-devel-linux-x86_64-fedora-clang 2.0.8 122.76 NOTE
r-devel-linux-x86_64-fedora-gcc 2.0.8 129.97 NOTE
r-devel-windows-x86_64 2.0.8 6.00 91.00 97.00 NOTE
r-patched-linux-x86_64 2.0.8 6.36 87.22 93.58 NOTE
r-release-linux-x86_64 2.0.8 5.17 87.90 93.07 NOTE
r-release-macos-arm64 2.0.8 43.00 NOTE
r-release-macos-x86_64 2.0.8 71.00 NOTE
r-release-windows-x86_64 2.0.8 7.00 103.00 110.00 NOTE
r-oldrel-macos-arm64 2.0.8 34.00 OK
r-oldrel-macos-x86_64 2.0.8 73.00 OK
r-oldrel-windows-x86_64 2.0.8 8.00 99.00 107.00 OK

Check Details

Version: 2.0.8
Check: package subdirectories
Result: NOTE
    Problems with news in ‘NEWS.md’:
    No news entries found.
Flavors: r-devel-linux-x86_64-debian-clang, r-devel-linux-x86_64-debian-gcc, r-devel-linux-x86_64-fedora-clang, r-devel-linux-x86_64-fedora-gcc, r-devel-windows-x86_64, r-patched-linux-x86_64, r-release-linux-x86_64, r-release-macos-arm64, r-release-macos-x86_64, r-release-windows-x86_64