CRAN Package Check Results for Package epos

Last updated on 2023-05-30 05:57:33 CEST.

Flavor Version Tinstall Tcheck Ttotal Status Flags
r-devel-linux-x86_64-debian-clang 1.0 8.57 91.50 100.07 OK
r-devel-linux-x86_64-debian-gcc 1.0 6.29 70.26 76.55 OK
r-devel-linux-x86_64-fedora-clang 1.0 124.72 NOTE
r-devel-linux-x86_64-fedora-gcc 1.0 117.81 NOTE
r-devel-windows-x86_64 1.0 10.00 101.00 111.00 OK
r-patched-linux-x86_64 1.0 9.43 85.58 95.01 OK
r-release-linux-x86_64 1.0 7.28 85.56 92.84 OK
r-release-macos-arm64 1.0 44.00 OK
r-release-macos-x86_64 1.0 65.00 OK
r-release-windows-x86_64 1.0 13.00 119.00 132.00 OK
r-oldrel-macos-arm64 1.0 54.00 NOTE
r-oldrel-macos-x86_64 1.0 88.00 NOTE
r-oldrel-windows-x86_64 1.0 13.00 117.00 130.00 OK

Check Details

Version: 1.0
Check: dependencies in R code
Result: NOTE
    Namespace in Imports field not imported from: ‘testthat’
     All declared Imports should be used.
Flavors: r-devel-linux-x86_64-fedora-clang, r-devel-linux-x86_64-fedora-gcc, r-oldrel-macos-arm64, r-oldrel-macos-x86_64

Version: 1.0
Check: data for non-ASCII characters
Result: NOTE
     Note: found 15 marked UTF-8 strings
Flavors: r-devel-linux-x86_64-fedora-clang, r-devel-linux-x86_64-fedora-gcc, r-oldrel-macos-arm64, r-oldrel-macos-x86_64