CRAN Package Check Results for Package elasso

Last updated on 2023-06-02 05:57:57 CEST.

Flavor Version Tinstall Tcheck Ttotal Status Flags
r-devel-linux-x86_64-debian-clang 1.1 8.58 81.26 89.84 NOTE
r-devel-linux-x86_64-debian-gcc 1.1 7.54 62.44 69.98 NOTE
r-devel-linux-x86_64-fedora-clang 1.1 115.26 NOTE
r-devel-linux-x86_64-fedora-gcc 1.1 110.22 NOTE
r-devel-windows-x86_64 1.1 10.00 76.00 86.00 NOTE
r-patched-linux-x86_64 1.1 NOTE
r-release-linux-x86_64 1.1 6.03 79.16 85.19 NOTE
r-release-macos-arm64 1.1 33.00 NOTE
r-release-macos-x86_64 1.1 55.00 NOTE
r-release-windows-x86_64 1.1 10.00 88.00 98.00 NOTE
r-oldrel-macos-arm64 1.1 31.00 NOTE
r-oldrel-macos-x86_64 1.1 44.00 NOTE
r-oldrel-windows-x86_64 1.1 11.00 91.00 102.00 NOTE

Check Details

Version: 1.1
Check: LazyData
Result: NOTE
     'LazyData' is specified without a 'data' directory
Flavors: r-devel-linux-x86_64-debian-clang, r-devel-linux-x86_64-debian-gcc, r-devel-linux-x86_64-fedora-clang, r-devel-linux-x86_64-fedora-gcc, r-devel-windows-x86_64, r-patched-linux-x86_64, r-release-linux-x86_64, r-release-macos-arm64, r-release-macos-x86_64, r-release-windows-x86_64, r-oldrel-macos-arm64, r-oldrel-macos-x86_64, r-oldrel-windows-x86_64