Last updated on 2023-06-08 05:58:07 CEST.
Flavor | Version | Tinstall | Tcheck | Ttotal | Status | Flags |
---|---|---|---|---|---|---|
r-devel-linux-x86_64-debian-clang | 0.2.2 | 5.63 | 44.19 | 49.82 | NOTE | |
r-devel-linux-x86_64-debian-gcc | 0.2.2 | 3.33 | 33.85 | 37.18 | NOTE | |
r-devel-linux-x86_64-fedora-clang | 0.2.2 | 63.16 | NOTE | |||
r-devel-linux-x86_64-fedora-gcc | 0.2.2 | 57.49 | NOTE | |||
r-devel-windows-x86_64 | 0.2.2 | 7.00 | 60.00 | 67.00 | NOTE | |
r-patched-linux-x86_64 | 0.2.2 | 6.21 | 41.64 | 47.85 | NOTE | |
r-release-linux-x86_64 | 0.2.2 | 5.42 | 41.38 | 46.80 | NOTE | |
r-release-macos-arm64 | 0.2.2 | 23.00 | NOTE | |||
r-release-macos-x86_64 | 0.2.2 | 33.00 | NOTE | |||
r-release-windows-x86_64 | 0.2.2 | 8.00 | 60.00 | 68.00 | NOTE | |
r-oldrel-macos-arm64 | 0.2.2 | 22.00 | NOTE | |||
r-oldrel-macos-x86_64 | 0.2.2 | 45.00 | NOTE | |||
r-oldrel-windows-x86_64 | 0.2.2 | 8.00 | 64.00 | 72.00 | NOTE |
Version: 0.2.2
Check: LazyData
Result: NOTE
'LazyData' is specified without a 'data' directory
Flavors: r-devel-linux-x86_64-debian-clang, r-devel-linux-x86_64-debian-gcc, r-devel-linux-x86_64-fedora-clang, r-devel-linux-x86_64-fedora-gcc, r-devel-windows-x86_64, r-patched-linux-x86_64, r-release-linux-x86_64, r-release-macos-arm64, r-release-macos-x86_64, r-release-windows-x86_64, r-oldrel-macos-arm64, r-oldrel-macos-x86_64, r-oldrel-windows-x86_64