Last updated on 2023-06-08 05:58:07 CEST.
Flavor | Version | Tinstall | Tcheck | Ttotal | Status | Flags |
---|---|---|---|---|---|---|
r-devel-linux-x86_64-debian-clang | 1.2.0 | 76.52 | 92.64 | 169.16 | OK | |
r-devel-linux-x86_64-debian-gcc | 1.2.0 | 60.26 | 69.90 | 130.16 | OK | |
r-devel-linux-x86_64-fedora-clang | 1.2.0 | 214.95 | OK | |||
r-devel-linux-x86_64-fedora-gcc | 1.2.0 | 236.54 | OK | |||
r-devel-windows-x86_64 | 1.2.0 | 59.00 | 105.00 | 164.00 | NOTE | |
r-patched-linux-x86_64 | 1.2.0 | 63.84 | 88.70 | 152.54 | OK | |
r-release-linux-x86_64 | 1.2.0 | 63.60 | 86.31 | 149.91 | OK | |
r-release-macos-arm64 | 1.2.0 | 74.00 | NOTE | |||
r-release-macos-x86_64 | 1.2.0 | 111.00 | NOTE | |||
r-release-windows-x86_64 | 1.2.0 | 68.00 | 123.00 | 191.00 | NOTE | |
r-oldrel-macos-arm64 | 1.2.0 | 62.00 | NOTE | |||
r-oldrel-macos-x86_64 | 1.2.0 | 112.00 | NOTE | |||
r-oldrel-windows-x86_64 | 1.2.0 | 61.00 | 117.00 | 178.00 | NOTE |
Version: 1.2.0
Check: installed package size
Result: NOTE
installed size is 12.6Mb
sub-directories of 1Mb or more:
libs 12.5Mb
Flavors: r-devel-windows-x86_64, r-release-macos-arm64, r-release-macos-x86_64, r-release-windows-x86_64, r-oldrel-macos-arm64, r-oldrel-macos-x86_64, r-oldrel-windows-x86_64