Last updated on 2023-06-05 05:54:34 CEST.
Flavor | Version | Tinstall | Tcheck | Ttotal | Status | Flags |
---|---|---|---|---|---|---|
r-devel-linux-x86_64-debian-clang | 1.1.1 | 4.70 | 62.02 | 66.72 | NOTE | |
r-devel-linux-x86_64-debian-gcc | 1.1.1 | 3.26 | 47.47 | 50.73 | NOTE | |
r-devel-linux-x86_64-fedora-clang | 1.1.1 | 86.75 | NOTE | |||
r-devel-linux-x86_64-fedora-gcc | 1.1.1 | 102.74 | NOTE | |||
r-devel-windows-x86_64 | 1.1.1 | 6.00 | 78.00 | 84.00 | NOTE | |
r-patched-linux-x86_64 | 1.1.1 | 5.47 | 59.89 | 65.36 | NOTE | |
r-release-linux-x86_64 | 1.1.1 | 3.69 | 59.85 | 63.54 | NOTE | |
r-release-macos-arm64 | 1.1.1 | 42.00 | NOTE | |||
r-release-macos-x86_64 | 1.1.1 | 66.00 | NOTE | |||
r-release-windows-x86_64 | 1.1.1 | 6.00 | 87.00 | 93.00 | NOTE | |
r-oldrel-macos-arm64 | 1.1.1 | 38.00 | NOTE | |||
r-oldrel-macos-x86_64 | 1.1.1 | 54.00 | NOTE | |||
r-oldrel-windows-x86_64 | 1.1.1 | 6.00 | 100.00 | 106.00 | NOTE |
Version: 1.1.1
Check: package dependencies
Result: NOTE
Package which this enhances but not available for checking: ‘gurobi’
Flavors: r-devel-linux-x86_64-debian-clang, r-devel-linux-x86_64-debian-gcc, r-devel-linux-x86_64-fedora-clang, r-devel-linux-x86_64-fedora-gcc, r-devel-windows-x86_64, r-patched-linux-x86_64, r-release-linux-x86_64, r-release-macos-arm64, r-release-macos-x86_64, r-release-windows-x86_64, r-oldrel-macos-arm64, r-oldrel-macos-x86_64, r-oldrel-windows-x86_64