Last updated on 2023-06-10 05:52:31 CEST.
Flavor | Version | Tinstall | Tcheck | Ttotal | Status | Flags |
---|---|---|---|---|---|---|
r-devel-linux-x86_64-debian-clang | 1.3.3 | 19.66 | 504.48 | 524.14 | OK | |
r-devel-linux-x86_64-debian-gcc | 1.3.3 | 16.14 | 378.70 | 394.84 | OK | |
r-devel-linux-x86_64-fedora-clang | 1.3.3 | 703.57 | NOTE | |||
r-devel-linux-x86_64-fedora-gcc | 1.3.3 | 742.09 | NOTE | |||
r-devel-windows-x86_64 | 1.3.3 | 19.00 | 408.00 | 427.00 | OK | |
r-patched-linux-x86_64 | 1.3.3 | 22.90 | 484.65 | 507.55 | OK | |
r-release-linux-x86_64 | 1.3.3 | 14.63 | 493.32 | 507.95 | OK | |
r-release-macos-arm64 | 1.3.3 | 168.00 | OK | |||
r-release-macos-x86_64 | 1.3.2 | 332.00 | OK | |||
r-release-windows-x86_64 | 1.3.3 | 23.00 | 495.00 | 518.00 | OK | |
r-oldrel-macos-arm64 | 1.3.3 | 158.00 | OK | |||
r-oldrel-macos-x86_64 | 1.3.3 | 211.00 | ERROR | |||
r-oldrel-windows-x86_64 | 1.3.3 | 23.00 | 467.00 | 490.00 | OK |
Version: 1.3.3
Check: data for non-ASCII characters
Result: NOTE
Note: found 7 marked UTF-8 strings
Flavors: r-devel-linux-x86_64-fedora-clang, r-devel-linux-x86_64-fedora-gcc
Version: 1.3.3
Check: re-building of vignette outputs
Result: ERROR
Error(s) in re-building vignettes:
...
--- re-building ‘Introduction_to_eHDPrep.Rmd’ using rmarkdown
! Missing endcsname inserted.
<to be read again>
unhbox
l.302 ...ics[width=1\linewidth]{./images/Figure_1}
Error: processing vignette 'Introduction_to_eHDPrep.Rmd' failed with diagnostics:
LaTeX failed to compile /Volumes/Builds/packages/high-sierra-x86_64/results/4.2/eHDPrep.Rcheck/vign_test/eHDPrep/vignettes/Introduction_to_eHDPrep.tex. See https://yihui.org/tinytex/r/#debugging for debugging tips. See Introduction_to_eHDPrep.log for more info.
--- failed re-building ‘Introduction_to_eHDPrep.Rmd’
SUMMARY: processing the following file failed:
‘Introduction_to_eHDPrep.Rmd’
Error: Vignette re-building failed.
Execution halted
Flavor: r-oldrel-macos-x86_64