Last updated on 2023-06-03 05:52:27 CEST.
Flavor | Version | Tinstall | Tcheck | Ttotal | Status | Flags |
---|---|---|---|---|---|---|
r-devel-linux-x86_64-debian-clang | 0.4-4 | 51.17 | 105.80 | 156.97 | OK | |
r-devel-linux-x86_64-debian-gcc | 0.4-4 | 34.19 | 77.75 | 111.94 | OK | |
r-devel-linux-x86_64-fedora-clang | 0.4-4 | 201.10 | OK | |||
r-devel-linux-x86_64-fedora-gcc | 0.4-4 | 185.84 | OK | |||
r-devel-windows-x86_64 | 0.4-4 | 36.00 | 112.00 | 148.00 | OK | |
r-patched-linux-x86_64 | 0.4-4 | OK | ||||
r-release-linux-x86_64 | 0.4-4 | 33.72 | 94.94 | 128.66 | OK | |
r-release-macos-arm64 | 0.4-4 | 51.00 | NOTE | |||
r-release-macos-x86_64 | 0.4-3 | 95.00 | NOTE | |||
r-release-windows-x86_64 | 0.4-4 | 41.00 | 141.00 | 182.00 | OK | |
r-oldrel-macos-arm64 | 0.4-4 | 58.00 | NOTE | |||
r-oldrel-macos-x86_64 | 0.4-4 | 79.00 | NOTE | |||
r-oldrel-windows-x86_64 | 0.4-4 | 39.00 | 138.00 | 177.00 | OK |
Version: 0.4-4
Check: installed package size
Result: NOTE
installed size is 5.9Mb
sub-directories of 1Mb or more:
libs 5.7Mb
Flavors: r-release-macos-arm64, r-oldrel-macos-arm64, r-oldrel-macos-x86_64
Version: 0.4-3
Check: installed package size
Result: NOTE
installed size is 6.6Mb
sub-directories of 1Mb or more:
libs 6.3Mb
Flavor: r-release-macos-x86_64