Last updated on 2023-06-05 05:54:33 CEST.
Flavor | Version | Tinstall | Tcheck | Ttotal | Status | Flags |
---|---|---|---|---|---|---|
r-devel-linux-x86_64-debian-clang | 0.6.7 | 2.86 | 36.34 | 39.20 | OK | |
r-devel-linux-x86_64-debian-gcc | 0.6.7 | 2.20 | 28.13 | 30.33 | OK | |
r-devel-linux-x86_64-fedora-clang | 0.6.7 | 49.31 | NOTE | |||
r-devel-linux-x86_64-fedora-gcc | 0.6.7 | 58.68 | NOTE | |||
r-devel-windows-x86_64 | 0.6.7 | 4.00 | 51.00 | 55.00 | OK | |
r-patched-linux-x86_64 | 0.6.7 | 3.02 | 34.18 | 37.20 | OK | |
r-release-linux-x86_64 | 0.6.7 | 1.92 | 34.27 | 36.19 | OK | |
r-release-macos-arm64 | 0.6.7 | 30.00 | OK | |||
r-release-macos-x86_64 | 0.6.7 | 41.00 | OK | |||
r-release-windows-x86_64 | 0.6.7 | 6.00 | 57.00 | 63.00 | OK | |
r-oldrel-macos-arm64 | 0.6.7 | 22.00 | NOTE | |||
r-oldrel-macos-x86_64 | 0.6.7 | 31.00 | NOTE | |||
r-oldrel-windows-x86_64 | 0.6.7 | 4.00 | 57.00 | 61.00 | OK |
Version: 0.6.7
Check: dependencies in R code
Result: NOTE
Namespaces in Imports field not imported from:
‘digest’ ‘dplyr’
All declared Imports should be used.
Flavors: r-devel-linux-x86_64-fedora-clang, r-devel-linux-x86_64-fedora-gcc, r-oldrel-macos-arm64, r-oldrel-macos-x86_64