Last updated on 2023-05-28 05:52:06 CEST.
Flavor | Version | Tinstall | Tcheck | Ttotal | Status | Flags |
---|---|---|---|---|---|---|
r-devel-linux-x86_64-debian-clang | 0.3.3 | 19.73 | 30.08 | 49.81 | NOTE | |
r-devel-linux-x86_64-debian-gcc | 0.3.3 | 12.87 | 23.80 | 36.67 | NOTE | |
r-devel-linux-x86_64-fedora-clang | 0.3.3 | 68.73 | NOTE | |||
r-devel-linux-x86_64-fedora-gcc | 0.3.3 | 64.05 | NOTE | |||
r-devel-windows-x86_64 | 0.3.3 | 18.00 | 64.00 | 82.00 | NOTE | |
r-patched-linux-x86_64 | 0.3.3 | 16.38 | 29.05 | 45.43 | NOTE | |
r-release-linux-x86_64 | 0.3.3 | 16.14 | 29.19 | 45.33 | NOTE | |
r-release-macos-arm64 | 0.3.3 | 26.00 | NOTE | |||
r-release-macos-x86_64 | 0.3.3 | 37.00 | NOTE | |||
r-release-windows-x86_64 | 0.3.3 | 21.00 | 70.00 | 91.00 | NOTE | |
r-oldrel-macos-arm64 | 0.3.3 | 24.00 | OK | |||
r-oldrel-macos-x86_64 | 0.3.3 | 30.00 | OK | |||
r-oldrel-windows-x86_64 | 0.3.3 | 21.00 | 69.00 | 90.00 | OK |
Version: 0.3.3
Check: C++ specification
Result: NOTE
Specified C++11: please drop specification unless essential
Flavors: r-devel-linux-x86_64-debian-clang, r-devel-linux-x86_64-debian-gcc, r-devel-linux-x86_64-fedora-clang, r-devel-linux-x86_64-fedora-gcc, r-devel-windows-x86_64, r-patched-linux-x86_64, r-release-linux-x86_64, r-release-macos-arm64, r-release-macos-x86_64, r-release-windows-x86_64