Last updated on 2023-06-08 05:58:07 CEST.
Flavor | Version | Tinstall | Tcheck | Ttotal | Status | Flags |
---|---|---|---|---|---|---|
r-devel-linux-x86_64-debian-clang | 0.2.1 | 5.74 | 99.53 | 105.27 | NOTE | |
r-devel-linux-x86_64-debian-gcc | 0.2.1 | 3.67 | 78.05 | 81.72 | NOTE | |
r-devel-linux-x86_64-fedora-clang | 0.2.1 | 121.44 | NOTE | |||
r-devel-linux-x86_64-fedora-gcc | 0.2.1 | 121.40 | NOTE | |||
r-devel-windows-x86_64 | 0.2.1 | 7.00 | 76.00 | 83.00 | NOTE | |
r-patched-linux-x86_64 | 0.2.1 | 5.57 | 93.67 | 99.24 | NOTE | |
r-release-linux-x86_64 | 0.2.1 | 4.42 | 94.29 | 98.71 | NOTE | |
r-release-macos-arm64 | 0.2.1 | 35.00 | NOTE | |||
r-release-macos-x86_64 | 0.2.1 | 51.00 | NOTE | |||
r-release-windows-x86_64 | 0.2.1 | 8.00 | 84.00 | 92.00 | NOTE | |
r-oldrel-macos-arm64 | 0.2.1 | 33.00 | NOTE | |||
r-oldrel-macos-x86_64 | 0.2.1 | 76.00 | NOTE | |||
r-oldrel-windows-x86_64 | 0.2.1 | 8.00 | 85.00 | 93.00 | NOTE |
Version: 0.2.1
Check: LazyData
Result: NOTE
'LazyData' is specified without a 'data' directory
Flavors: r-devel-linux-x86_64-debian-clang, r-devel-linux-x86_64-debian-gcc, r-devel-linux-x86_64-fedora-clang, r-devel-linux-x86_64-fedora-gcc, r-devel-windows-x86_64, r-patched-linux-x86_64, r-release-linux-x86_64, r-release-macos-arm64, r-release-macos-x86_64, r-release-windows-x86_64, r-oldrel-macos-arm64, r-oldrel-macos-x86_64, r-oldrel-windows-x86_64