Last updated on 2023-06-09 05:54:57 CEST.
Flavor | Version | Tinstall | Tcheck | Ttotal | Status | Flags |
---|---|---|---|---|---|---|
r-devel-linux-x86_64-debian-clang | 0.1.7 | 2.03 | 25.81 | 27.84 | OK | |
r-devel-linux-x86_64-debian-gcc | 0.1.7 | 1.56 | 20.65 | 22.21 | OK | |
r-devel-linux-x86_64-fedora-clang | 0.1.7 | 35.88 | NOTE | |||
r-devel-linux-x86_64-fedora-gcc | 0.1.7 | 45.97 | NOTE | |||
r-devel-windows-x86_64 | 0.1.7 | 10.00 | 44.00 | 54.00 | OK | |
r-patched-linux-x86_64 | 0.1.7 | 2.02 | 24.87 | 26.89 | OK | |
r-release-linux-x86_64 | 0.1.7 | 1.25 | 24.99 | 26.24 | OK | |
r-release-macos-arm64 | 0.1.7 | 24.00 | OK | |||
r-release-macos-x86_64 | 0.1.7 | 33.00 | OK | |||
r-release-windows-x86_64 | 0.1.7 | 3.00 | 45.00 | 48.00 | OK | |
r-oldrel-macos-arm64 | 0.1.7 | 19.00 | OK | |||
r-oldrel-macos-x86_64 | 0.1.7 | 24.00 | NOTE | |||
r-oldrel-windows-x86_64 | 0.1.7 | 4.00 | 46.00 | 50.00 | OK |
Version: 0.1.7
Check: data for non-ASCII characters
Result: NOTE
Note: found 103 marked UTF-8 strings
Flavors: r-devel-linux-x86_64-fedora-clang, r-devel-linux-x86_64-fedora-gcc, r-oldrel-macos-x86_64