Last updated on 2023-06-05 05:54:33 CEST.
Flavor | Version | Tinstall | Tcheck | Ttotal | Status | Flags |
---|---|---|---|---|---|---|
r-devel-linux-x86_64-debian-clang | 0.3.0 | 31.85 | 142.68 | 174.53 | NOTE | |
r-devel-linux-x86_64-debian-gcc | 0.3.0 | 20.90 | 85.78 | 106.68 | NOTE | |
r-devel-linux-x86_64-fedora-clang | 0.3.0 | 230.41 | NOTE | |||
r-devel-linux-x86_64-fedora-gcc | 0.3.0 | 217.12 | NOTE | |||
r-devel-windows-x86_64 | 0.3.0 | 25.00 | 148.00 | 173.00 | NOTE | |
r-patched-linux-x86_64 | 0.3.0 | 24.77 | 127.41 | 152.18 | NOTE | |
r-release-linux-x86_64 | 0.3.0 | 23.38 | 133.77 | 157.15 | NOTE | |
r-release-macos-arm64 | 0.3.0 | 71.00 | NOTE | |||
r-release-macos-x86_64 | 0.3.0 | 119.00 | NOTE | |||
r-release-windows-x86_64 | 0.3.0 | 30.00 | 179.00 | 209.00 | NOTE | |
r-oldrel-macos-arm64 | 0.3.0 | 68.00 | OK | |||
r-oldrel-macos-x86_64 | 0.3.0 | 95.00 | OK | |||
r-oldrel-windows-x86_64 | 0.3.0 | 30.00 | 177.00 | 207.00 | OK |
Version: 0.3.0
Check: C++ specification
Result: NOTE
Specified C++11: please drop specification unless essential
Flavors: r-devel-linux-x86_64-debian-clang, r-devel-linux-x86_64-debian-gcc, r-devel-linux-x86_64-fedora-clang, r-devel-linux-x86_64-fedora-gcc, r-devel-windows-x86_64, r-patched-linux-x86_64, r-release-linux-x86_64, r-release-macos-arm64, r-release-macos-x86_64, r-release-windows-x86_64
Version: 0.3.0
Check: Rd cross-references
Result: NOTE
Undeclared package ‘sitmo’ in Rd xrefs
Flavor: r-devel-linux-x86_64-fedora-clang