Last updated on 2023-05-28 05:52:06 CEST.
Flavor | Version | Tinstall | Tcheck | Ttotal | Status | Flags |
---|---|---|---|---|---|---|
r-devel-linux-x86_64-debian-clang | 0.7.4 | 9.21 | 156.36 | 165.57 | NOTE | |
r-devel-linux-x86_64-debian-gcc | 0.7.4 | 6.43 | 118.38 | 124.81 | NOTE | |
r-devel-linux-x86_64-fedora-clang | 0.7.4 | 214.98 | NOTE | |||
r-devel-linux-x86_64-fedora-gcc | 0.7.4 | 222.70 | NOTE | |||
r-devel-windows-x86_64 | 0.7.4 | 10.00 | 123.00 | 133.00 | NOTE | |
r-patched-linux-x86_64 | 0.7.4 | 11.32 | 147.00 | 158.32 | NOTE | |
r-release-linux-x86_64 | 0.7.4 | 7.17 | 148.92 | 156.09 | NOTE | |
r-release-macos-arm64 | 0.7.4 | 69.00 | NOTE | |||
r-release-macos-x86_64 | 0.7.4 | 115.00 | NOTE | |||
r-release-windows-x86_64 | 0.7.4 | 14.00 | 153.00 | 167.00 | OK | |
r-oldrel-macos-arm64 | 0.7.4 | 55.00 | OK | |||
r-oldrel-macos-x86_64 | 0.7.4 | 112.00 | OK | |||
r-oldrel-windows-x86_64 | 0.7.4 | 14.00 | 157.00 | 171.00 | OK |
Version: 0.7.4
Check: Rd cross-references
Result: NOTE
Unknown package ‘broomExtra’ in Rd xrefs
Flavors: r-devel-linux-x86_64-debian-clang, r-devel-linux-x86_64-debian-gcc, r-devel-linux-x86_64-fedora-gcc, r-devel-windows-x86_64, r-patched-linux-x86_64, r-release-linux-x86_64, r-release-macos-arm64, r-release-macos-x86_64
Version: 0.7.4
Check: Rd cross-references
Result: NOTE
Undeclared package ‘broomExtra’ in Rd xrefs
Unknown package ‘broomExtra’ in Rd xrefs
Flavor: r-devel-linux-x86_64-fedora-clang