Last updated on 2023-06-07 05:58:18 CEST.
Flavor | Version | Tinstall | Tcheck | Ttotal | Status | Flags |
---|---|---|---|---|---|---|
r-devel-linux-x86_64-debian-clang | 2.9.0 | 54.26 | 224.06 | 278.32 | OK | |
r-devel-linux-x86_64-debian-gcc | 2.9.0 | 39.68 | 167.42 | 207.10 | OK | |
r-devel-linux-x86_64-fedora-clang | 2.9.0 | 342.62 | NOTE | |||
r-devel-linux-x86_64-fedora-gcc | 2.9.0 | 341.34 | OK | |||
r-devel-windows-x86_64 | 2.9.0 | 41.00 | 228.00 | 269.00 | OK | |
r-patched-linux-x86_64 | 2.9.0 | 51.73 | 214.63 | 266.36 | OK | |
r-release-linux-x86_64 | 2.9.0 | 51.09 | 215.13 | 266.22 | OK | |
r-release-macos-arm64 | 2.9.0 | 106.00 | OK | |||
r-release-macos-x86_64 | 2.9.0 | 183.00 | OK | |||
r-release-windows-x86_64 | 2.9.0 | 55.00 | 265.00 | 320.00 | OK | |
r-oldrel-macos-arm64 | 2.9.0 | 103.00 | OK | |||
r-oldrel-macos-x86_64 | 2.9.0 | 117.00 | OK | |||
r-oldrel-windows-x86_64 | 2.9.0 | 57.00 | 260.00 | 317.00 | OK |
Version: 2.9.0
Check: Rd cross-references
Result: NOTE
Undeclared package ‘RobAStBase’ in Rd xrefs
Flavor: r-devel-linux-x86_64-fedora-clang