CRAN Package Check Results for Package dimensio

Last updated on 2023-06-07 05:58:18 CEST.

Flavor Version Tinstall Tcheck Ttotal Status Flags
r-devel-linux-x86_64-debian-clang 0.3.1 8.50 91.91 100.41 OK
r-devel-linux-x86_64-debian-gcc 0.3.1 7.36 69.94 77.30 OK
r-devel-linux-x86_64-fedora-clang 0.3.1 122.99 OK
r-devel-linux-x86_64-fedora-gcc 0.3.1 116.97 OK
r-devel-windows-x86_64 0.3.1 10.00 93.00 103.00 OK
r-patched-linux-x86_64 0.3.1 7.34 85.47 92.81 OK
r-release-linux-x86_64 0.3.1 7.10 85.73 92.83 OK
r-release-macos-arm64 0.3.1 39.00 OK
r-release-macos-x86_64 0.3.1 65.00 NOTE
r-release-windows-x86_64 0.3.1 11.00 110.00 121.00 OK
r-oldrel-macos-arm64 0.3.1 35.00 OK
r-oldrel-macos-x86_64 0.3.1 48.00 OK
r-oldrel-windows-x86_64 0.3.1 13.00 100.00 113.00 OK

Check Details

Version: 0.3.1
Check: package dependencies
Result: NOTE
    Package suggested but not available for checking: ‘FactoMineR’
Flavor: r-release-macos-x86_64