Last updated on 2023-06-05 05:54:33 CEST.
Flavor | Version | Tinstall | Tcheck | Ttotal | Status | Flags |
---|---|---|---|---|---|---|
r-devel-linux-x86_64-debian-clang | 0.3.0 | 40.65 | 64.48 | 105.13 | NOTE | |
r-devel-linux-x86_64-debian-gcc | 0.3.0 | 34.36 | 47.48 | 81.84 | NOTE | |
r-devel-linux-x86_64-fedora-clang | 0.3.0 | 136.18 | NOTE | |||
r-devel-linux-x86_64-fedora-gcc | 0.3.0 | 134.24 | NOTE | |||
r-devel-windows-x86_64 | 0.3.0 | 33.00 | 86.00 | 119.00 | NOTE | |
r-patched-linux-x86_64 | 0.3.0 | 30.71 | 58.36 | 89.07 | NOTE | |
r-release-linux-x86_64 | 0.3.0 | 26.60 | 59.05 | 85.65 | NOTE | |
r-release-macos-arm64 | 0.3.0 | 45.00 | NOTE | |||
r-release-macos-x86_64 | 0.3.0 | 64.00 | NOTE | |||
r-release-windows-x86_64 | 0.3.0 | 44.00 | 97.00 | 141.00 | NOTE | |
r-oldrel-macos-arm64 | 0.3.0 | 44.00 | OK | |||
r-oldrel-macos-x86_64 | 0.3.0 | 54.00 | OK | |||
r-oldrel-windows-x86_64 | 0.3.0 | 42.00 | 101.00 | 143.00 | OK |
Version: 0.3.0
Check: C++ specification
Result: NOTE
Specified C++11: please drop specification unless essential
Flavors: r-devel-linux-x86_64-debian-clang, r-devel-linux-x86_64-debian-gcc, r-devel-linux-x86_64-fedora-clang, r-devel-linux-x86_64-fedora-gcc, r-devel-windows-x86_64, r-patched-linux-x86_64, r-release-linux-x86_64, r-release-macos-arm64, r-release-macos-x86_64, r-release-windows-x86_64