Last updated on 2023-06-05 05:54:33 CEST.
Flavor | Version | Tinstall | Tcheck | Ttotal | Status | Flags |
---|---|---|---|---|---|---|
r-devel-linux-x86_64-debian-clang | 1.0.2 | 13.24 | 106.38 | 119.62 | OK | |
r-devel-linux-x86_64-debian-gcc | 1.0.2 | 10.44 | 79.75 | 90.19 | OK | |
r-devel-linux-x86_64-fedora-clang | 1.0.2 | 148.76 | OK | |||
r-devel-linux-x86_64-fedora-gcc | 1.0.2 | 140.09 | OK | |||
r-devel-windows-x86_64 | 1.0.2 | 14.00 | 94.00 | 108.00 | OK | |
r-patched-linux-x86_64 | 1.0.2 | 17.18 | 99.75 | 116.93 | OK | |
r-release-linux-x86_64 | 1.0.2 | 12.47 | 99.02 | 111.49 | OK | |
r-release-macos-arm64 | 1.0.2 | 46.00 | OK | |||
r-release-macos-x86_64 | 1.0.2 | 71.00 | NOTE | |||
r-release-windows-x86_64 | 1.0.2 | 15.00 | 108.00 | 123.00 | OK | |
r-oldrel-macos-arm64 | 1.0.2 | 42.00 | OK | |||
r-oldrel-macos-x86_64 | 1.0.2 | 72.00 | OK | |||
r-oldrel-windows-x86_64 | 1.0.2 | 16.00 | 111.00 | 127.00 | OK |
Version: 1.0.2
Check: package dependencies
Result: NOTE
Package suggested but not available for checking: ‘missMDA’
Flavor: r-release-macos-x86_64