Last updated on 2023-06-10 05:52:30 CEST.
Flavor | Version | Tinstall | Tcheck | Ttotal | Status | Flags |
---|---|---|---|---|---|---|
r-devel-linux-x86_64-debian-clang | 0.3.0 | 56.05 | 82.58 | 138.63 | NOTE | |
r-devel-linux-x86_64-debian-gcc | 0.3.0 | 44.91 | 61.06 | 105.97 | NOTE | |
r-devel-linux-x86_64-fedora-clang | 0.3.0 | 182.74 | NOTE | |||
r-devel-linux-x86_64-fedora-gcc | 0.3.0 | 180.70 | NOTE | |||
r-devel-windows-x86_64 | 0.3.0 | 41.00 | 102.00 | 143.00 | NOTE | |
r-patched-linux-x86_64 | 0.3.0 | 49.03 | 77.24 | 126.27 | NOTE | |
r-release-linux-x86_64 | 0.3.0 | 40.68 | 76.71 | 117.39 | NOTE | |
r-release-macos-arm64 | 0.3.0 | 50.00 | NOTE | |||
r-release-macos-x86_64 | 0.3.0 | 82.00 | NOTE | |||
r-release-windows-x86_64 | 0.3.0 | 55.00 | 124.00 | 179.00 | NOTE | |
r-oldrel-macos-arm64 | 0.3.0 | 50.00 | NOTE | |||
r-oldrel-macos-x86_64 | 0.3.0 | 89.00 | NOTE | |||
r-oldrel-windows-x86_64 | 0.3.0 | 52.00 | 199.00 | 251.00 | NOTE |
Version: 0.3.0
Check: LazyData
Result: NOTE
'LazyData' is specified without a 'data' directory
Flavors: r-devel-linux-x86_64-debian-clang, r-devel-linux-x86_64-debian-gcc, r-devel-linux-x86_64-fedora-clang, r-devel-linux-x86_64-fedora-gcc, r-devel-windows-x86_64, r-patched-linux-x86_64, r-release-linux-x86_64, r-release-macos-arm64, r-release-macos-x86_64, r-release-windows-x86_64, r-oldrel-macos-arm64, r-oldrel-macos-x86_64, r-oldrel-windows-x86_64