Last updated on 2023-06-08 05:58:06 CEST.
Flavor | Version | Tinstall | Tcheck | Ttotal | Status | Flags |
---|---|---|---|---|---|---|
r-devel-linux-x86_64-debian-clang | 3.1.1 | 66.40 | 417.11 | 483.51 | NOTE | |
r-devel-linux-x86_64-debian-gcc | 3.1.1 | 58.17 | 303.44 | 361.61 | NOTE | |
r-devel-linux-x86_64-fedora-clang | 3.1.1 | 629.23 | NOTE | |||
r-devel-linux-x86_64-fedora-gcc | 3.1.1 | 605.13 | NOTE | |||
r-devel-windows-x86_64 | 3.1.1 | 58.00 | 360.00 | 418.00 | NOTE | |
r-patched-linux-x86_64 | 3.1.1 | 60.74 | 400.10 | 460.84 | NOTE | |
r-release-linux-x86_64 | 3.1.1 | 51.01 | 403.31 | 454.32 | NOTE | |
r-release-macos-arm64 | 3.1.1 | 150.00 | NOTE | |||
r-release-macos-x86_64 | 3.1.1 | 256.00 | NOTE | |||
r-release-windows-x86_64 | 3.1.1 | 78.00 | 415.00 | 493.00 | NOTE | |
r-oldrel-macos-arm64 | 3.1.1 | 138.00 | OK | |||
r-oldrel-macos-x86_64 | 3.1.1 | 178.00 | OK | |||
r-oldrel-windows-x86_64 | 3.1.1 | 76.00 | 398.00 | 474.00 | OK |
Version: 3.1.1
Check: C++ specification
Result: NOTE
Specified C++11: please drop specification unless essential
Flavors: r-devel-linux-x86_64-debian-clang, r-devel-linux-x86_64-debian-gcc, r-devel-linux-x86_64-fedora-clang, r-devel-linux-x86_64-fedora-gcc, r-devel-windows-x86_64, r-patched-linux-x86_64, r-release-linux-x86_64, r-release-macos-arm64, r-release-macos-x86_64, r-release-windows-x86_64