Last updated on 2023-06-09 05:54:56 CEST.
Flavor | Version | Tinstall | Tcheck | Ttotal | Status | Flags |
---|---|---|---|---|---|---|
r-devel-linux-x86_64-debian-clang | 0.1.1 | 143.05 | 27.91 | 170.96 | NOTE | |
r-devel-linux-x86_64-debian-gcc | 0.1.1 | 108.93 | 22.39 | 131.32 | NOTE | |
r-devel-linux-x86_64-fedora-clang | 0.1.1 | 276.73 | NOTE | |||
r-devel-linux-x86_64-fedora-gcc | 0.1.1 | 264.74 | NOTE | |||
r-devel-windows-x86_64 | 0.1.1 | 106.00 | 65.00 | 171.00 | NOTE | |
r-patched-linux-x86_64 | 0.1.1 | 116.67 | 27.59 | 144.26 | NOTE | |
r-release-linux-x86_64 | 0.1.1 | 115.42 | 27.38 | 142.80 | NOTE | |
r-release-macos-arm64 | 0.1.1 | 61.00 | NOTE | |||
r-release-macos-x86_64 | 0.1.1 | 101.00 | NOTE | |||
r-release-windows-x86_64 | 0.1.1 | 141.00 | 70.00 | 211.00 | NOTE | |
r-oldrel-macos-arm64 | 0.1.1 | 53.00 | NOTE | |||
r-oldrel-macos-x86_64 | 0.1.1 | 79.00 | NOTE | |||
r-oldrel-windows-x86_64 | 0.1.1 | 136.00 | 69.00 | 205.00 | NOTE |
Version: 0.1.1
Check: LazyData
Result: NOTE
'LazyData' is specified without a 'data' directory
Flavors: r-devel-linux-x86_64-debian-clang, r-devel-linux-x86_64-debian-gcc, r-devel-linux-x86_64-fedora-clang, r-devel-linux-x86_64-fedora-gcc, r-devel-windows-x86_64, r-patched-linux-x86_64, r-release-linux-x86_64, r-release-macos-arm64, r-release-macos-x86_64, r-release-windows-x86_64, r-oldrel-macos-arm64, r-oldrel-macos-x86_64, r-oldrel-windows-x86_64