Last updated on 2023-06-08 05:58:06 CEST.
Flavor | Version | Tinstall | Tcheck | Ttotal | Status | Flags |
---|---|---|---|---|---|---|
r-devel-linux-x86_64-debian-clang | 0.0.2 | 37.60 | 28.08 | 65.68 | NOTE | |
r-devel-linux-x86_64-debian-gcc | 0.0.2 | 26.01 | 22.13 | 48.14 | NOTE | |
r-devel-linux-x86_64-fedora-clang | 0.0.2 | 89.03 | NOTE | |||
r-devel-linux-x86_64-fedora-gcc | 0.0.2 | 85.53 | NOTE | |||
r-devel-windows-x86_64 | 0.0.2 | 27.00 | 66.00 | 93.00 | NOTE | |
r-patched-linux-x86_64 | 0.0.2 | 27.86 | 27.23 | 55.09 | NOTE | |
r-release-linux-x86_64 | 0.0.2 | 25.51 | 27.28 | 52.79 | NOTE | |
r-release-macos-arm64 | 0.0.2 | 27.00 | NOTE | |||
r-release-macos-x86_64 | 0.0.2 | 41.00 | NOTE | |||
r-release-windows-x86_64 | 0.0.2 | 32.00 | 71.00 | 103.00 | NOTE | |
r-oldrel-macos-arm64 | 0.0.2 | 26.00 | OK | |||
r-oldrel-macos-x86_64 | 0.0.2 | 34.00 | OK | |||
r-oldrel-windows-x86_64 | 0.0.2 | 33.00 | 68.00 | 101.00 | OK |
Version: 0.0.2
Check: C++ specification
Result: NOTE
Specified C++11: please drop specification unless essential
Flavors: r-devel-linux-x86_64-debian-clang, r-devel-linux-x86_64-debian-gcc, r-devel-linux-x86_64-fedora-clang, r-devel-linux-x86_64-fedora-gcc, r-devel-windows-x86_64, r-patched-linux-x86_64, r-release-linux-x86_64, r-release-macos-arm64, r-release-macos-x86_64, r-release-windows-x86_64