CRAN Package Check Results for Package dcGOR

Last updated on 2023-05-29 05:55:00 CEST.

Flavor Version Tinstall Tcheck Ttotal Status Flags
r-devel-linux-x86_64-debian-clang 1.0.6 23.14 195.45 218.59 OK
r-devel-linux-x86_64-debian-gcc 1.0.6 20.90 146.75 167.65 OK
r-devel-linux-x86_64-fedora-clang 1.0.6 275.26 NOTE
r-devel-linux-x86_64-fedora-gcc 1.0.6 265.17 OK
r-devel-windows-x86_64 1.0.6 23.00 175.00 198.00 NOTE
r-patched-linux-x86_64 1.0.6 16.52 183.66 200.18 OK
r-release-linux-x86_64 1.0.6 16.84 181.45 198.29 OK
r-release-macos-arm64 1.0.6 74.00 NOTE
r-release-macos-x86_64 1.0.6 174.00 NOTE
r-release-windows-x86_64 1.0.6 28.00 222.00 250.00 NOTE
r-oldrel-macos-arm64 1.0.6 55.00 NOTE
r-oldrel-macos-x86_64 1.0.6 102.00 NOTE
r-oldrel-windows-x86_64 1.0.6 31.00 205.00 236.00 NOTE

Check Details

Version: 1.0.6
Check: installed package size
Result: NOTE
     installed size is 5.4Mb
     sub-directories of 1Mb or more:
     data 4.1Mb
Flavors: r-devel-linux-x86_64-fedora-clang, r-devel-windows-x86_64, r-release-macos-arm64, r-release-macos-x86_64, r-release-windows-x86_64, r-oldrel-macos-arm64, r-oldrel-macos-x86_64, r-oldrel-windows-x86_64

Version: 1.0.6
Check: package dependencies
Result: NOTE
    Package suggested but not available for checking: 'doMC'
Flavors: r-devel-windows-x86_64, r-release-windows-x86_64, r-oldrel-windows-x86_64