CRAN Package Check Results for Package dapr

Last updated on 2023-06-10 05:52:30 CEST.

Flavor Version Tinstall Tcheck Ttotal Status Flags
r-devel-linux-x86_64-debian-clang 0.0.3 2.35 22.54 24.89 NOTE
r-devel-linux-x86_64-debian-gcc 0.0.3 1.70 18.16 19.86 NOTE
r-devel-linux-x86_64-fedora-clang 0.0.3 32.36 NOTE
r-devel-linux-x86_64-fedora-gcc 0.0.3 30.14 NOTE
r-devel-windows-x86_64 0.0.3 7.00 40.00 47.00 NOTE
r-patched-linux-x86_64 0.0.3 1.96 22.29 24.25 NOTE
r-release-linux-x86_64 0.0.3 2.40 22.47 24.87 NOTE
r-release-macos-arm64 0.0.3 17.00 NOTE
r-release-macos-x86_64 0.0.3 19.00 NOTE
r-release-windows-x86_64 0.0.3 4.00 40.00 44.00 NOTE
r-oldrel-macos-arm64 0.0.3 17.00 NOTE
r-oldrel-macos-x86_64 0.0.3 21.00 NOTE
r-oldrel-windows-x86_64 0.0.3 4.00 42.00 46.00 NOTE

Check Details

Version: 0.0.3
Check: LazyData
Result: NOTE
     'LazyData' is specified without a 'data' directory
Flavors: r-devel-linux-x86_64-debian-clang, r-devel-linux-x86_64-debian-gcc, r-devel-linux-x86_64-fedora-clang, r-devel-linux-x86_64-fedora-gcc, r-devel-windows-x86_64, r-patched-linux-x86_64, r-release-linux-x86_64, r-release-macos-arm64, r-release-macos-x86_64, r-release-windows-x86_64, r-oldrel-macos-arm64, r-oldrel-macos-x86_64, r-oldrel-windows-x86_64