Last updated on 2023-06-03 05:52:25 CEST.
Flavor | Version | Tinstall | Tcheck | Ttotal | Status | Flags |
---|---|---|---|---|---|---|
r-devel-linux-x86_64-debian-clang | 0.3-1 | 6.59 | 55.73 | 62.32 | NOTE | |
r-devel-linux-x86_64-debian-gcc | 0.3-1 | 4.37 | 43.79 | 48.16 | NOTE | |
r-devel-linux-x86_64-fedora-clang | 0.3-1 | 77.87 | NOTE | |||
r-devel-linux-x86_64-fedora-gcc | 0.3-1 | 85.43 | NOTE | |||
r-devel-windows-x86_64 | 0.3-1 | 6.00 | 66.00 | 72.00 | NOTE | |
r-patched-linux-x86_64 | 0.3-1 | NOTE | ||||
r-release-linux-x86_64 | 0.3-1 | 4.25 | 54.68 | 58.93 | NOTE | |
r-release-macos-arm64 | 0.3-1 | 34.00 | NOTE | |||
r-release-macos-x86_64 | 0.3-1 | 48.00 | NOTE | |||
r-release-windows-x86_64 | 0.3-1 | 7.00 | 74.00 | 81.00 | NOTE | |
r-oldrel-macos-arm64 | 0.3-1 | 29.00 | NOTE | |||
r-oldrel-macos-x86_64 | 0.3-1 | 40.00 | NOTE | |||
r-oldrel-windows-x86_64 | 0.3-1 | 8.00 | 73.00 | 81.00 | NOTE |
Version: 0.3-1
Check: LazyData
Result: NOTE
'LazyData' is specified without a 'data' directory
Flavors: r-devel-linux-x86_64-debian-clang, r-devel-linux-x86_64-debian-gcc, r-devel-linux-x86_64-fedora-clang, r-devel-linux-x86_64-fedora-gcc, r-devel-windows-x86_64, r-patched-linux-x86_64, r-release-linux-x86_64, r-release-macos-arm64, r-release-macos-x86_64, r-release-windows-x86_64, r-oldrel-macos-arm64, r-oldrel-macos-x86_64, r-oldrel-windows-x86_64