Last updated on 2023-06-03 05:52:25 CEST.
Flavor | Version | Tinstall | Tcheck | Ttotal | Status | Flags |
---|---|---|---|---|---|---|
r-devel-linux-x86_64-debian-clang | 0.1.0 | 6.09 | 88.18 | 94.27 | OK | |
r-devel-linux-x86_64-debian-gcc | 0.1.0 | 4.95 | 67.94 | 72.89 | OK | |
r-devel-linux-x86_64-fedora-clang | 0.1.0 | 120.02 | NOTE | |||
r-devel-linux-x86_64-fedora-gcc | 0.1.0 | 115.03 | NOTE | |||
r-devel-windows-x86_64 | 0.1.0 | 8.00 | 86.00 | 94.00 | OK | |
r-patched-linux-x86_64 | 0.1.0 | OK | ||||
r-release-linux-x86_64 | 0.1.0 | 5.66 | 83.48 | 89.14 | OK | |
r-release-macos-arm64 | 0.1.0 | 44.00 | OK | |||
r-release-macos-x86_64 | 0.1.0 | 69.00 | OK | |||
r-release-windows-x86_64 | 0.1.0 | 10.00 | 103.00 | 113.00 | OK | |
r-oldrel-macos-arm64 | 0.1.0 | 51.00 | NOTE | |||
r-oldrel-macos-x86_64 | 0.1.0 | 96.00 | NOTE | |||
r-oldrel-windows-x86_64 | 0.1.0 | 10.00 | 123.00 | 133.00 | OK |
Version: 0.1.0
Check: data for non-ASCII characters
Result: NOTE
Note: found 109157 marked UTF-8 strings
Flavors: r-devel-linux-x86_64-fedora-clang, r-devel-linux-x86_64-fedora-gcc, r-oldrel-macos-arm64, r-oldrel-macos-x86_64