CRAN Package Check Results for Package cvequality

Last updated on 2023-06-07 05:58:17 CEST.

Flavor Version Tinstall Tcheck Ttotal Status Flags
r-devel-linux-x86_64-debian-clang 0.2.0 1.66 52.07 53.73 NOTE
r-devel-linux-x86_64-debian-gcc 0.2.0 1.52 37.90 39.42 NOTE
r-devel-linux-x86_64-fedora-clang 0.2.0 65.35 NOTE
r-devel-linux-x86_64-fedora-gcc 0.2.0 75.42 NOTE
r-devel-windows-x86_64 0.2.0 8.00 58.00 66.00 NOTE
r-patched-linux-x86_64 0.2.0 2.34 49.26 51.60 NOTE
r-release-linux-x86_64 0.2.0 2.36 49.22 51.58 NOTE
r-release-macos-arm64 0.2.0 29.00 NOTE
r-release-macos-x86_64 0.2.0 44.00 NOTE
r-release-windows-x86_64 0.2.0 4.00 65.00 69.00 NOTE
r-oldrel-macos-arm64 0.2.0 24.00 NOTE
r-oldrel-macos-x86_64 0.2.0 32.00 NOTE
r-oldrel-windows-x86_64 0.2.0 5.00 66.00 71.00 NOTE

Check Details

Version: 0.2.0
Check: LazyData
Result: NOTE
     'LazyData' is specified without a 'data' directory
Flavors: r-devel-linux-x86_64-debian-clang, r-devel-linux-x86_64-debian-gcc, r-devel-linux-x86_64-fedora-clang, r-devel-linux-x86_64-fedora-gcc, r-devel-windows-x86_64, r-patched-linux-x86_64, r-release-linux-x86_64, r-release-macos-arm64, r-release-macos-x86_64, r-release-windows-x86_64, r-oldrel-macos-arm64, r-oldrel-macos-x86_64, r-oldrel-windows-x86_64