Last updated on 2023-06-09 05:54:55 CEST.
Flavor | Version | Tinstall | Tcheck | Ttotal | Status | Flags |
---|---|---|---|---|---|---|
r-devel-linux-x86_64-debian-clang | 2.0 | 12.33 | 108.30 | 120.63 | NOTE | |
r-devel-linux-x86_64-debian-gcc | 2.0 | 10.99 | 81.99 | 92.98 | NOTE | |
r-devel-linux-x86_64-fedora-clang | 2.0 | 149.95 | NOTE | |||
r-devel-linux-x86_64-fedora-gcc | 2.0 | 141.70 | NOTE | |||
r-devel-windows-x86_64 | 2.0 | 13.00 | 101.00 | 114.00 | NOTE | |
r-patched-linux-x86_64 | 2.0 | 16.27 | 100.27 | 116.54 | NOTE | |
r-release-linux-x86_64 | 2.0 | 8.53 | 100.37 | 108.90 | NOTE | |
r-release-macos-arm64 | 2.0 | 51.00 | NOTE | |||
r-release-macos-x86_64 | 2.0 | 79.00 | NOTE | |||
r-release-windows-x86_64 | 2.0 | 16.00 | 113.00 | 129.00 | NOTE | |
r-oldrel-macos-arm64 | 2.0 | 46.00 | OK | |||
r-oldrel-macos-x86_64 | 2.0 | 72.00 | OK | |||
r-oldrel-windows-x86_64 | 2.0 | 16.00 | 110.00 | 126.00 | OK |
Version: 2.0
Check: Rd \usage sections
Result: NOTE
S3 methods shown with full name in documentation object ‘internals’:
‘qr.gs’
The \usage entries for S3 methods should use the \method markup and not
their full name.
See chapter ‘Writing R documentation files’ in the ‘Writing R
Extensions’ manual.
Flavors: r-devel-linux-x86_64-debian-clang, r-devel-linux-x86_64-debian-gcc, r-devel-linux-x86_64-fedora-clang, r-devel-linux-x86_64-fedora-gcc, r-devel-windows-x86_64, r-patched-linux-x86_64, r-release-linux-x86_64, r-release-macos-arm64, r-release-macos-x86_64, r-release-windows-x86_64
Version: 2.0
Check: package dependencies
Result: NOTE
Package suggested but not available for checking: ‘car’
Flavor: r-release-macos-x86_64