Last updated on 2023-05-27 05:52:24 CEST.
Flavor | Version | Tinstall | Tcheck | Ttotal | Status | Flags |
---|---|---|---|---|---|---|
r-devel-linux-x86_64-debian-clang | 2023.5.22 | 6.94 | 75.44 | 82.38 | OK | |
r-devel-linux-x86_64-debian-gcc | 2023.5.22 | 7.24 | 56.68 | 63.92 | OK | |
r-devel-linux-x86_64-fedora-clang | 2023.5.22 | 104.67 | NOTE | |||
r-devel-linux-x86_64-fedora-gcc | 2023.5.22 | 114.12 | OK | |||
r-devel-windows-x86_64 | 2023.5.22 | 8.00 | 80.00 | 88.00 | NOTE | |
r-patched-linux-x86_64 | 2023.5.22 | 7.62 | 69.09 | 76.71 | OK | |
r-release-linux-x86_64 | 2023.5.22 | 7.95 | 69.72 | 77.67 | OK | |
r-release-macos-arm64 | 2022.12.15 | 43.00 | NOTE | |||
r-release-macos-x86_64 | 2022.12.15 | 65.00 | NOTE | |||
r-release-windows-x86_64 | 2023.5.22 | 15.00 | 89.00 | 104.00 | NOTE | |
r-oldrel-macos-arm64 | 2022.12.15 | 34.00 | NOTE | |||
r-oldrel-macos-x86_64 | 2023.5.22 | 50.00 | NOTE | |||
r-oldrel-windows-x86_64 | 2023.5.22 | 12.00 | 89.00 | 101.00 | NOTE |
Version: 2023.5.22
Check: installed package size
Result: NOTE
installed size is 5.7Mb
sub-directories of 1Mb or more:
data 3.8Mb
doc 1.6Mb
Flavors: r-devel-linux-x86_64-fedora-clang, r-devel-windows-x86_64, r-release-windows-x86_64, r-oldrel-macos-x86_64, r-oldrel-windows-x86_64
Version: 2022.12.15
Check: installed package size
Result: NOTE
installed size is 5.1Mb
sub-directories of 1Mb or more:
data 3.3Mb
doc 1.5Mb
Flavors: r-release-macos-arm64, r-release-macos-x86_64, r-oldrel-macos-arm64