Last updated on 2023-05-28 05:52:05 CEST.
Flavor | Version | Tinstall | Tcheck | Ttotal | Status | Flags |
---|---|---|---|---|---|---|
r-devel-linux-x86_64-debian-clang | 1.1.0 | 18.10 | 375.16 | 393.26 | OK | |
r-devel-linux-x86_64-debian-gcc | 1.1.0 | 14.21 | 290.07 | 304.28 | OK | |
r-devel-linux-x86_64-fedora-clang | 1.1.0 | 483.94 | NOTE | |||
r-devel-linux-x86_64-fedora-gcc | 1.1.0 | 485.68 | OK | |||
r-devel-windows-x86_64 | 1.1.0 | 16.00 | 436.00 | 452.00 | OK | |
r-patched-linux-x86_64 | 1.1.0 | 22.50 | 365.01 | 387.51 | OK | |
r-release-linux-x86_64 | 1.1.0 | 14.50 | 353.81 | 368.31 | OK | |
r-release-macos-arm64 | 1.1.0 | 130.00 | OK | |||
r-release-macos-x86_64 | 1.0.1 | 157.00 | OK | |||
r-release-windows-x86_64 | 1.1.0 | 22.00 | 439.00 | 461.00 | OK | |
r-oldrel-macos-arm64 | 1.1.0 | 110.00 | OK | |||
r-oldrel-macos-x86_64 | 1.1.0 | 167.00 | OK | |||
r-oldrel-windows-x86_64 | 1.1.0 | 23.00 | 446.00 | 469.00 | OK |
Version: 1.1.0
Check: Rd cross-references
Result: NOTE
Undeclared package ‘R2jags’ in Rd xrefs
Flavor: r-devel-linux-x86_64-fedora-clang